{"id":1125,"date":"2023-03-03T23:58:01","date_gmt":"2023-03-03T23:58:01","guid":{"rendered":"https:\/\/ipc.org.gt\/?page_id=1125"},"modified":"2024-01-10T20:37:37","modified_gmt":"2024-01-10T20:37:37","slug":"acuerdo-ministerial-numero-67-2023","status":"publish","type":"page","link":"https:\/\/ipc.org.gt\/?page_id=1125","title":{"rendered":"ACUERDO MINISTERIAL N\u00daMERO 67-2023"},"content":{"rendered":"\n<p><br>Guatemala, 24 de febrero de 2023<br>EL MINISTRO DE SALUD P\u00daBLICA Y ASISTENCIA SOCIAL<br>CONSIDERANDO:\u00b7<br>Que la Constituci\u00f3n Pol\u00edtica de la Rep\u00fablica de Guatemala establece que cada ministerio estar\u00e1 a cargo de un Ministro de Estado, quien tendr\u00e1 las funciones de ejercer jurisdicci\u00f3n sobre todas las dependencias de su ministerio y dirigir, tramitar, resolver e inspeccionar todos los negocios relacionados con su ministerio.<br>CONSIDERANDO:<br>Que el Reglamento Org\u00e1nico Interno del Ministerio de Salud P\u00fablica y Asistencia Social, establece que esta cartera podr\u00e1 celebrar convenios para la administraci\u00f3n y\/o prestaci\u00f3n de servicios de salud con instituciones que integran el sector o est\u00e9n vinculados a \u00e9l, p\u00fablicas o no gubernamentales, de naturaleza privada o comunitarias, cuando lo juzgare id\u00f3neo para lograr una mayor eficiencia y eficacia en el cumplimiento de sus funciones. Los Convenios que se celebren ser\u00e1n suscritos por los Viceministros o por los Directores Generales o por los Directores de \u00c1reas de Salud, debiendo ser aprobados por el Despacho Ministerial, lo que hace necesario la emisi\u00f3n del presente instrumento.<br>POR TANTO:<br>En el ejercicio de las funciones que le confiere el art\u00edculo 194, literales a), y f) de la Constituci\u00f3n Pol\u00edtica de la Rep\u00fablica de Guatemala y con fundamento en los art\u00edculos 27 incisos a) y m) del Decreto N\u00famero 114-97 del Congreso de la Rep\u00fablica de Guatemala, Ley del Organismo Ejecutivo; 1, 9 incisos a) y e), 10 inciso b), 11, 18 y 24 del Decreto N\u00famero 90-97 del Congreso de la Rep\u00fablica de Guatemala, C\u00f3digo de Salud; 12, 13 y 124 del Decreto N\u00famero 54-2022 del Congreso de la Rep\u00fablica de Guatemala, Ley del Presupuesto General de Ingresos y Egresos del Estado para el Ejercicio Fiscal dos mil veintitr\u00e9s; y, 10, 12 y 95 del Acuerd.o Gubernativo N\u00famero 115-99, Reglamento Org\u00e1nico Interno del Ministerio de Salud P\u00fablica y Asistencia Social.<\/p>\n\n\n\n<p>Enlace de Descarga<\/p>\n\n\n\n<div class=\"wp-block-buttons is-layout-flex wp-block-buttons-is-layout-flex\">\n<div class=\"wp-block-button\"><a class=\"wp-block-button__link wp-element-button\" href=\"https:\/\/drive.google.com\/file\/d\/1dyJIZ9E5aNEGC6PonU2nDK5TKhRJ_bHb\/view?usp=sharing\">ACUERDO MINISTERIAL N\u00daMERO 67-2023<\/a><\/div>\n<\/div>\n","protected":false},"excerpt":{"rendered":"<p>Guatemala, 24 de febrero de 2023EL MINISTRO DE SALUD P\u00daBLICA Y ASISTENCIA SOCIALCONSIDERANDO:\u00b7Que la Constituci\u00f3n Pol\u00edtica de la Rep\u00fablica de\u2026<\/p>\n<p> <a class=\"continue-reading-link\" href=\"https:\/\/ipc.org.gt\/?page_id=1125\"><span>Continue reading<\/span><i class=\"crycon-right-dir\"><\/i><\/a> <\/p>\n","protected":false},"author":441,"featured_media":0,"parent":879,"menu_order":0,"comment_status":"closed","ping_status":"closed","template":"","meta":{"footnotes":""},"class_list":["post-1125","page","type-page","status-publish","hentry"],"_links":{"self":[{"href":"https:\/\/ipc.org.gt\/index.php?rest_route=\/wp\/v2\/pages\/1125","targetHints":{"allow":["GET"]}}],"collection":[{"href":"https:\/\/ipc.org.gt\/index.php?rest_route=\/wp\/v2\/pages"}],"about":[{"href":"https:\/\/ipc.org.gt\/index.php?rest_route=\/wp\/v2\/types\/page"}],"author":[{"embeddable":true,"href":"https:\/\/ipc.org.gt\/index.php?rest_route=\/wp\/v2\/users\/441"}],"replies":[{"embeddable":true,"href":"https:\/\/ipc.org.gt\/index.php?rest_route=%2Fwp%2Fv2%2Fcomments&post=1125"}],"version-history":[{"count":2,"href":"https:\/\/ipc.org.gt\/index.php?rest_route=\/wp\/v2\/pages\/1125\/revisions"}],"predecessor-version":[{"id":1248,"href":"https:\/\/ipc.org.gt\/index.php?rest_route=\/wp\/v2\/pages\/1125\/revisions\/1248"}],"up":[{"embeddable":true,"href":"https:\/\/ipc.org.gt\/index.php?rest_route=\/wp\/v2\/pages\/879"}],"wp:attachment":[{"href":"https:\/\/ipc.org.gt\/index.php?rest_route=%2Fwp%2Fv2%2Fmedia&parent=1125"}],"curies":[{"name":"wp","href":"https:\/\/api.w.org\/{rel}","templated":true}]}}

ACUERDO MINISTERIAL NÚMERO 67-2023

<p><br>Guatemala, 24 de febrero de 2023<br>EL MINISTRO DE SALUD PÚBLICA Y ASISTENCIA SOCIAL<br>CONSIDERANDO:·<br>Que la Constitución Política de la República de Guatemala establece que cada ministerio estará a cargo de un Ministro de Estado, quien tendrá las funciones de ejercer jurisdicción sobre todas las dependencias de su ministerio y dirigir, tramitar, resolver e inspeccionar todos los negocios relacionados con su ministerio.<br>CONSIDERANDO:<br>Que el Reglamento Orgánico Interno del Ministerio de Salud Pública y Asistencia Social, establece que esta cartera podrá celebrar convenios para la administración y/o prestación de servicios de salud con instituciones que integran el sector o estén vinculados a él, públicas o no gubernamentales, de naturaleza privada o comunitarias, cuando lo juzgare idóneo para lograr una mayor eficiencia y eficacia en el cumplimiento de sus funciones. Los Convenios que se celebren serán suscritos por los Viceministros o por los Directores Generales o por los Directores de Áreas de Salud, debiendo ser aprobados por el Despacho Ministerial, lo que hace necesario la emisión del presente instrumento.<br>POR TANTO:<br>En el ejercicio de las funciones que le confiere el artículo 194, literales a), y f) de la Constitución Política de la República de Guatemala y con fundamento en los artículos 27 incisos a) y m) del Decreto Número 114-97 del Congreso de la República de Guatemala, Ley del Organismo Ejecutivo; 1, 9 incisos a) y e), 10 inciso b), 11, 18 y 24 del Decreto Número 90-97 del Congreso de la República de Guatemala, Código de Salud; 12, 13 y 124 del Decreto Número 54-2022 del Congreso de la República de Guatemala, Ley del Presupuesto General de Ingresos y Egresos del Estado para el Ejercicio Fiscal dos mil veintitrés; y, 10, 12 y 95 del Acuerd.o Gubernativo Número 115-99, Reglamento Orgánico Interno del Ministerio de Salud Pública y Asistencia Social.</p>



<p>Enlace de Descarga</p>



<div class="wp-block-buttons is-layout-flex wp-block-buttons-is-layout-flex">
<div class="wp-block-button"><a class="wp-block-button__link wp-element-button" href="https://drive.google.com/file/d/1dyJIZ9E5aNEGC6PonU2nDK5TKhRJ_bHb/view?usp=sharing">ACUERDO MINISTERIAL NÚMERO 67-2023</a></div>
</div>

<p>Guatemala, 24 de febrero de 2023EL MINISTRO DE SALUD PÚBLICA Y ASISTENCIA SOCIALCONSIDERANDO:·Que la Constitución Política de la República de…</p>
<p> <a class="continue-reading-link" href="https://ipc.org.gt/?page_id=1125"><span>Continue reading</span><i class="crycon-right-dir"></i></a> </p>
