{"id":351,"date":"2017-03-15T21:52:14","date_gmt":"2017-03-15T21:52:14","guid":{"rendered":"https:\/\/ipc.org.gt\/admin\/?page_id=351"},"modified":"2021-07-08T21:59:27","modified_gmt":"2021-07-08T21:59:27","slug":"neurooftalmologia","status":"publish","type":"page","link":"https:\/\/ipc.org.gt\/?page_id=351","title":{"rendered":"NEURO OFTALMOLOGIA"},"content":{"rendered":"<h3><img loading=\"lazy\" decoding=\"async\" class=\"wp-image-376 size-full aligncenter\" src=\"https:\/\/ipc.org.gt\/admin\/wp-content\/uploads\/2016\/11\/neuro_of2.jpg\" alt=\"\" width=\"1500\" height=\"500\" srcset=\"https:\/\/ipc.org.gt\/admin\/wp-content\/uploads\/2016\/11\/neuro_of2.jpg 1500w, https:\/\/ipc.org.gt\/admin\/wp-content\/uploads\/2016\/11\/neuro_of2-300x100.jpg 300w, https:\/\/ipc.org.gt\/admin\/wp-content\/uploads\/2016\/11\/neuro_of2-768x256.jpg 768w, https:\/\/ipc.org.gt\/admin\/wp-content\/uploads\/2016\/11\/neuro_of2-1024x341.jpg 1024w, https:\/\/ipc.org.gt\/admin\/wp-content\/uploads\/2016\/11\/neuro_of2-250x83.jpg 250w, https:\/\/ipc.org.gt\/admin\/wp-content\/uploads\/2016\/11\/neuro_of2-150x50.jpg 150w\" sizes=\"auto, (max-width: 1500px) 100vw, 1500px\" \/><\/h3>\n<h3><strong>NEUROOFTALMOLOGIA<\/strong><\/h3>\n<p>Es la&nbsp; rama&nbsp; de la oftalmolog\u00eda,&nbsp; que&nbsp; se dedica&nbsp; al&nbsp; diagn\u00f3stico y&nbsp; tratamiento de&nbsp; patolog\u00eda&nbsp; oftalmol\u00f3gicas&nbsp; complejas&nbsp; relacionadas&nbsp; al sistema&nbsp; nervioso.<\/p>\n<ul>\n<li>Detecci\u00f3n y&nbsp; tratamiento&nbsp; de par\u00e1lisis y paresias&nbsp; de m\u00fasculos&nbsp; extraoculares<\/li>\n<li>Detecci\u00f3n de patolog\u00eda&nbsp; de la pupila no&nbsp; asociado&nbsp; a cirug\u00eda<\/li>\n<li>Enfermedades de la placa mioneural ( miastenia&nbsp; gravis&nbsp; ocular)<\/li>\n<li>Detecci\u00f3n y tratamiento&nbsp; de&nbsp; patolog\u00eda&nbsp; del nervio \u00f3ptico no glaucomatoso como neuritis opitas y neuropat\u00eda \u00f3ptica&nbsp; (&nbsp; enfermedades&nbsp; desmielinizantes como&nbsp; esclerosis&nbsp; m\u00faltiples y&nbsp; enfermedad&nbsp; de&nbsp; Devic)<\/li>\n<li>Detecci\u00f3n y tratamiento&nbsp; de oftalmoplegias&nbsp; cr\u00f3nicas &nbsp;progresivas&nbsp; ( Kerns -Sayre)<\/li>\n<li>Investigaci\u00f3n de&nbsp; alteraciones&nbsp; visuales&nbsp; no especificas<\/li>\n<li>Contacto directo&nbsp; con&nbsp; instituciones&nbsp; neurolog\u00eda&nbsp; neurofisiolog\u00eda&nbsp; y neuropsicolog\u00eda<\/li>\n<\/ul>\n","protected":false},"excerpt":{"rendered":"<p>NEUROOFTALMOLOGIA Es la&nbsp; rama&nbsp; de la oftalmolog\u00eda,&nbsp; que&nbsp; se dedica&nbsp; al&nbsp; diagn\u00f3stico y&nbsp; tratamiento de&nbsp; patolog\u00eda&nbsp; oftalmol\u00f3gicas&nbsp; complejas&nbsp; relacionadas&nbsp; al\u2026<\/p>\n<p> <a class=\"continue-reading-link\" href=\"https:\/\/ipc.org.gt\/?page_id=351\"><span>Continue reading<\/span><i class=\"crycon-right-dir\"><\/i><\/a> <\/p>\n","protected":false},"author":1,"featured_media":0,"parent":0,"menu_order":0,"comment_status":"closed","ping_status":"closed","template":"","meta":{"footnotes":""},"class_list":["post-351","page","type-page","status-publish","hentry"],"_links":{"self":[{"href":"https:\/\/ipc.org.gt\/index.php?rest_route=\/wp\/v2\/pages\/351","targetHints":{"allow":["GET"]}}],"collection":[{"href":"https:\/\/ipc.org.gt\/index.php?rest_route=\/wp\/v2\/pages"}],"about":[{"href":"https:\/\/ipc.org.gt\/index.php?rest_route=\/wp\/v2\/types\/page"}],"author":[{"embeddable":true,"href":"https:\/\/ipc.org.gt\/index.php?rest_route=\/wp\/v2\/users\/1"}],"replies":[{"embeddable":true,"href":"https:\/\/ipc.org.gt\/index.php?rest_route=%2Fwp%2Fv2%2Fcomments&post=351"}],"version-history":[{"count":5,"href":"https:\/\/ipc.org.gt\/index.php?rest_route=\/wp\/v2\/pages\/351\/revisions"}],"predecessor-version":[{"id":991,"href":"https:\/\/ipc.org.gt\/index.php?rest_route=\/wp\/v2\/pages\/351\/revisions\/991"}],"wp:attachment":[{"href":"https:\/\/ipc.org.gt\/index.php?rest_route=%2Fwp%2Fv2%2Fmedia&parent=351"}],"curies":[{"name":"wp","href":"https:\/\/api.w.org\/{rel}","templated":true}]}}

<h3><img loading="lazy" decoding="async" class="wp-image-376 size-full aligncenter" src="https://ipc.org.gt/admin/wp-content/uploads/2016/11/neuro_of2.jpg" alt="" width="1500" height="500" srcset="https://ipc.org.gt/admin/wp-content/uploads/2016/11/neuro_of2.jpg 1500w, https://ipc.org.gt/admin/wp-content/uploads/2016/11/neuro_of2-300x100.jpg 300w, https://ipc.org.gt/admin/wp-content/uploads/2016/11/neuro_of2-768x256.jpg 768w, https://ipc.org.gt/admin/wp-content/uploads/2016/11/neuro_of2-1024x341.jpg 1024w, https://ipc.org.gt/admin/wp-content/uploads/2016/11/neuro_of2-250x83.jpg 250w, https://ipc.org.gt/admin/wp-content/uploads/2016/11/neuro_of2-150x50.jpg 150w" sizes="auto, (max-width: 1500px) 100vw, 1500px" /></h3>
<h3><strong>NEUROOFTALMOLOGIA</strong></h3>
<p>Es la&nbsp; rama&nbsp; de la oftalmología,&nbsp; que&nbsp; se dedica&nbsp; al&nbsp; diagnóstico y&nbsp; tratamiento de&nbsp; patología&nbsp; oftalmológicas&nbsp; complejas&nbsp; relacionadas&nbsp; al sistema&nbsp; nervioso.</p>
<ul>
<li>Detección y&nbsp; tratamiento&nbsp; de parálisis y paresias&nbsp; de músculos&nbsp; extraoculares</li>
<li>Detección de patología&nbsp; de la pupila no&nbsp; asociado&nbsp; a cirugía</li>
<li>Enfermedades de la placa mioneural ( miastenia&nbsp; gravis&nbsp; ocular)</li>
<li>Detección y tratamiento&nbsp; de&nbsp; patología&nbsp; del nervio óptico no glaucomatoso como neuritis opitas y neuropatía óptica&nbsp; (&nbsp; enfermedades&nbsp; desmielinizantes como&nbsp; esclerosis&nbsp; múltiples y&nbsp; enfermedad&nbsp; de&nbsp; Devic)</li>
<li>Detección y tratamiento&nbsp; de oftalmoplegias&nbsp; crónicas &nbsp;progresivas&nbsp; ( Kerns -Sayre)</li>
<li>Investigación de&nbsp; alteraciones&nbsp; visuales&nbsp; no especificas</li>
<li>Contacto directo&nbsp; con&nbsp; instituciones&nbsp; neurología&nbsp; neurofisiología&nbsp; y neuropsicología</li>
</ul>

<p>NEUROOFTALMOLOGIA Es la&nbsp; rama&nbsp; de la oftalmología,&nbsp; que&nbsp; se dedica&nbsp; al&nbsp; diagnóstico y&nbsp; tratamiento de&nbsp; patología&nbsp; oftalmológicas&nbsp; complejas&nbsp; relacionadas&nbsp; al…</p>
<p> <a class="continue-reading-link" href="https://ipc.org.gt/?page_id=351"><span>Continue reading</span><i class="crycon-right-dir"></i></a> </p>
