{"id":41,"date":"2016-11-24T21:31:24","date_gmt":"2016-11-24T21:31:24","guid":{"rendered":"https:\/\/ipc.org.gt\/admin\/?page_id=41"},"modified":"2020-06-18T08:31:21","modified_gmt":"2020-06-18T08:31:21","slug":"cirugia","status":"publish","type":"page","link":"https:\/\/ipc.org.gt\/?page_id=41","title":{"rendered":"CIRUGIA"},"content":{"rendered":"<p><img loading=\"lazy\" decoding=\"async\" class=\"wp-image-384 size-full aligncenter\" src=\"https:\/\/ipc.org.gt\/admin\/wp-content\/uploads\/2016\/11\/cirugia2.jpg\" alt=\"\" width=\"1500\" height=\"500\" srcset=\"https:\/\/ipc.org.gt\/admin\/wp-content\/uploads\/2016\/11\/cirugia2.jpg 1500w, https:\/\/ipc.org.gt\/admin\/wp-content\/uploads\/2016\/11\/cirugia2-300x100.jpg 300w, https:\/\/ipc.org.gt\/admin\/wp-content\/uploads\/2016\/11\/cirugia2-768x256.jpg 768w, https:\/\/ipc.org.gt\/admin\/wp-content\/uploads\/2016\/11\/cirugia2-1024x341.jpg 1024w, https:\/\/ipc.org.gt\/admin\/wp-content\/uploads\/2016\/11\/cirugia2-250x83.jpg 250w, https:\/\/ipc.org.gt\/admin\/wp-content\/uploads\/2016\/11\/cirugia2-150x50.jpg 150w\" sizes=\"auto, (max-width: 1500px) 100vw, 1500px\" \/><\/p>\n<p><strong>UNIDAD DE CIRUGIA REFRACTIVA<img loading=\"lazy\" decoding=\"async\" class=\"size-full wp-image-358 alignleft\" src=\"https:\/\/ipc.org.gt\/admin\/wp-content\/uploads\/2016\/11\/refractiva.jpg\" alt=\"\" width=\"300\" height=\"300\" srcset=\"https:\/\/ipc.org.gt\/admin\/wp-content\/uploads\/2016\/11\/refractiva.jpg 300w, https:\/\/ipc.org.gt\/admin\/wp-content\/uploads\/2016\/11\/refractiva-150x150.jpg 150w\" sizes=\"auto, (max-width: 300px) 100vw, 300px\" \/><\/strong><\/p>\n<p>La cirug\u00eda refractiva permite al paciente <a href=\"bettingslips4u.com\">la mejor opci\u00f3n<\/a> para evitar el uso permanente de anteojos gracias a Laser Excimer (LASIK SUB-BOWMAN), la t\u00e9cnica quir\u00fargica ocular m\u00e1s moderna y avanzada que dura pocos minutos y logran grandes resultados with <a href=\"http:\/\/planterscasino.com\/\">http:\/\/planterscasino.com\/<\/a>.<\/p>\n<p>&nbsp;<\/p>\n<p>&nbsp;<\/p>\n<p>&nbsp;<\/p>\n<p><img loading=\"lazy\" decoding=\"async\" class=\"wp-image-150 size-full aligncenter\" src=\"https:\/\/ipc.org.gt\/admin\/wp-content\/uploads\/2016\/11\/separador-1.png\" width=\"590\" height=\"77\" srcset=\"https:\/\/ipc.org.gt\/admin\/wp-content\/uploads\/2016\/11\/separador-1.png 590w, https:\/\/ipc.org.gt\/admin\/wp-content\/uploads\/2016\/11\/separador-1-300x39.png 300w, https:\/\/ipc.org.gt\/admin\/wp-content\/uploads\/2016\/11\/separador-1-250x33.png 250w, https:\/\/ipc.org.gt\/admin\/wp-content\/uploads\/2016\/11\/separador-1-150x20.png 150w\" sizes=\"auto, (max-width: 590px) 100vw, 590px\" \/><\/p>\n<p><img loading=\"lazy\" decoding=\"async\" class=\"wp-image-359 size-full alignleft\" src=\"https:\/\/ipc.org.gt\/admin\/wp-content\/uploads\/2016\/11\/segmento.jpg\" alt=\"\" width=\"300\" height=\"300\" srcset=\"https:\/\/ipc.org.gt\/admin\/wp-content\/uploads\/2016\/11\/segmento.jpg 300w, https:\/\/ipc.org.gt\/admin\/wp-content\/uploads\/2016\/11\/segmento-150x150.jpg 150w\" sizes=\"auto, (max-width: 300px) 100vw, 300px\" \/><strong>UNIDAD DE SEGMENTO ANTERIOR<\/strong><\/p>\n<p><strong>Cirug\u00eda de catarata:<\/strong><br \/>\nRealizada con la t\u00e9cnica m\u00e1s moderna de facoemulsificaci\u00f3n, con implementaci\u00f3n de lentes intraoculares de alta tecnolog\u00eda en una incisi\u00f3n de 2.5 mm bajo anestesia local asistida.<\/p>\n<p><strong>Transplante de c\u00f3rnea:<\/strong><br \/>\nSe utiliza corneal donante para el tratamiento de capacidades adquiridas o cong\u00e9nitas de la c\u00f3rnea.<\/p>\n<p><strong>Colocaci\u00f3n de segmentos corneales:<\/strong><br \/>\nAnillo de alta tecnolog\u00eda que se introducen en la c\u00f3rnea para el manejo del queratocono, buscando estabilizar y mejorar el defecto refractivo.<\/p>\n<p><img loading=\"lazy\" decoding=\"async\" class=\"wp-image-150 size-full aligncenter\" src=\"https:\/\/ipc.org.gt\/admin\/wp-content\/uploads\/2016\/11\/separador-1.png\" width=\"590\" height=\"77\" srcset=\"https:\/\/ipc.org.gt\/admin\/wp-content\/uploads\/2016\/11\/separador-1.png 590w, https:\/\/ipc.org.gt\/admin\/wp-content\/uploads\/2016\/11\/separador-1-300x39.png 300w, https:\/\/ipc.org.gt\/admin\/wp-content\/uploads\/2016\/11\/separador-1-250x33.png 250w, https:\/\/ipc.org.gt\/admin\/wp-content\/uploads\/2016\/11\/separador-1-150x20.png 150w\" sizes=\"auto, (max-width: 590px) 100vw, 590px\" \/><\/p>\n<p><img loading=\"lazy\" decoding=\"async\" class=\"size-full wp-image-238 alignleft\" src=\"https:\/\/ipc.org.gt\/admin\/wp-content\/uploads\/2017\/01\/plastica.jpg\" alt=\"\" width=\"300\" height=\"300\" srcset=\"https:\/\/ipc.org.gt\/admin\/wp-content\/uploads\/2017\/01\/plastica.jpg 300w, https:\/\/ipc.org.gt\/admin\/wp-content\/uploads\/2017\/01\/plastica-150x150.jpg 150w\" sizes=\"auto, (max-width: 300px) 100vw, 300px\" \/><strong>CIRUGIA ESTETICA FUNCIONAL Y RECONSTRUCTIVA<\/strong><br \/>\nUnidad de cirug\u00eda pl\u00e1stica:<\/p>\n<p>\u2022 Blefarosplast\u00eda Superior e Inferior<br \/>\n\u2022 Cirug\u00eda de Ptosis<br \/>\n\u2022 Cirug\u00eda de Pterigi\u00f3n<br \/>\n\u2022 Cirug\u00eda de Tumores<br \/>\n\u2022 Recontrucci\u00f3n Palpebral<br \/>\n\u2022 Tratamiento de Obstrucciones de las V\u00edas Lagrimales<br \/>\n\u2022 Aplicaci\u00f3n de Botox<br \/>\n\u2022 Delineado Permanente (Cejas y P\u00e1rpados)<\/p>\n<p>&nbsp;<\/p>\n<p><img loading=\"lazy\" decoding=\"async\" class=\"wp-image-150 size-full aligncenter\" src=\"https:\/\/ipc.org.gt\/admin\/wp-content\/uploads\/2016\/11\/separador-1.png\" width=\"590\" height=\"77\" srcset=\"https:\/\/ipc.org.gt\/admin\/wp-content\/uploads\/2016\/11\/separador-1.png 590w, https:\/\/ipc.org.gt\/admin\/wp-content\/uploads\/2016\/11\/separador-1-300x39.png 300w, https:\/\/ipc.org.gt\/admin\/wp-content\/uploads\/2016\/11\/separador-1-250x33.png 250w, https:\/\/ipc.org.gt\/admin\/wp-content\/uploads\/2016\/11\/separador-1-150x20.png 150w\" sizes=\"auto, (max-width: 590px) 100vw, 590px\" \/><\/p>\n<p><img loading=\"lazy\" decoding=\"async\" class=\"wp-image-387 size-full alignleft\" src=\"https:\/\/ipc.org.gt\/admin\/wp-content\/uploads\/2016\/11\/vitreo.jpg\" alt=\"\" width=\"300\" height=\"300\" srcset=\"https:\/\/ipc.org.gt\/admin\/wp-content\/uploads\/2016\/11\/vitreo.jpg 300w, https:\/\/ipc.org.gt\/admin\/wp-content\/uploads\/2016\/11\/vitreo-150x150.jpg 150w\" sizes=\"auto, (max-width: 300px) 100vw, 300px\" \/><strong>UNIDAD DE RETINA Y VITREO<\/strong><\/p>\n<p>Tratamiento m\u00e9dico quir\u00fargico de Retinopat\u00eda Diab\u00e9tica, degeneraci\u00f3n macular relacionada con la edad y enfermedades inflamatorias y\/o vasculares que afectan la retina y el v\u00edtreo.<\/p>\n<p>Si usted est\u00e1 padeciendo de diabetes, comun\u00edquese al centro de cirug\u00eda ocular para ser atendido por un especialista o vis\u00edtenos.<\/p>\n<p>&nbsp;<\/p>\n<p><img loading=\"lazy\" decoding=\"async\" class=\"wp-image-150 size-full aligncenter\" src=\"https:\/\/ipc.org.gt\/admin\/wp-content\/uploads\/2016\/11\/separador-1.png\" width=\"590\" height=\"77\" srcset=\"https:\/\/ipc.org.gt\/admin\/wp-content\/uploads\/2016\/11\/separador-1.png 590w, https:\/\/ipc.org.gt\/admin\/wp-content\/uploads\/2016\/11\/separador-1-300x39.png 300w, https:\/\/ipc.org.gt\/admin\/wp-content\/uploads\/2016\/11\/separador-1-250x33.png 250w, https:\/\/ipc.org.gt\/admin\/wp-content\/uploads\/2016\/11\/separador-1-150x20.png 150w\" sizes=\"auto, (max-width: 590px) 100vw, 590px\" \/><br \/>\n<img loading=\"lazy\" decoding=\"async\" class=\"wp-image-388 size-full alignleft\" src=\"https:\/\/ipc.org.gt\/admin\/wp-content\/uploads\/2016\/11\/glaucoma.jpg\" alt=\"\" width=\"300\" height=\"300\" srcset=\"https:\/\/ipc.org.gt\/admin\/wp-content\/uploads\/2016\/11\/glaucoma.jpg 300w, https:\/\/ipc.org.gt\/admin\/wp-content\/uploads\/2016\/11\/glaucoma-150x150.jpg 150w\" sizes=\"auto, (max-width: 300px) 100vw, 300px\" \/><strong>UNIDAD DE GLAUCOMA<\/strong><\/p>\n<p>Atenci\u00f3n personalizada al paciente con Glaucoma que es una enfermedad que da\u00f1a el nervio \u00f3ptico de forma progresiva y silenciosa principalmente asociada a presi\u00f3n alta dentro del ojo (PIO)<\/p>\n<p>Se realiza el an\u00e1lisis computarizado de nervio \u00f3ptico con equipo OCT (Tomograf\u00eda \u00f3ptica del nervio \u00f3ptico) de \u00faltima generaci\u00f3n y campo visual para determinar el tratamiento adecuado para el paciente, con medicamentos o tratamiento quir\u00fargico para prevenir la p\u00e9rdida visual y posteriormente ceguera.<\/p>\n","protected":false},"excerpt":{"rendered":"<p>UNIDAD DE CIRUGIA REFRACTIVA La cirug\u00eda refractiva permite al paciente la mejor opci\u00f3n para evitar el uso permanente de anteojos\u2026<\/p>\n<p> <a class=\"continue-reading-link\" href=\"https:\/\/ipc.org.gt\/?page_id=41\"><span>Continue reading<\/span><i class=\"crycon-right-dir\"><\/i><\/a> <\/p>\n","protected":false},"author":1,"featured_media":0,"parent":0,"menu_order":0,"comment_status":"closed","ping_status":"closed","template":"","meta":{"footnotes":""},"class_list":["post-41","page","type-page","status-publish","hentry"],"_links":{"self":[{"href":"https:\/\/ipc.org.gt\/index.php?rest_route=\/wp\/v2\/pages\/41","targetHints":{"allow":["GET"]}}],"collection":[{"href":"https:\/\/ipc.org.gt\/index.php?rest_route=\/wp\/v2\/pages"}],"about":[{"href":"https:\/\/ipc.org.gt\/index.php?rest_route=\/wp\/v2\/types\/page"}],"author":[{"embeddable":true,"href":"https:\/\/ipc.org.gt\/index.php?rest_route=\/wp\/v2\/users\/1"}],"replies":[{"embeddable":true,"href":"https:\/\/ipc.org.gt\/index.php?rest_route=%2Fwp%2Fv2%2Fcomments&post=41"}],"version-history":[{"count":10,"href":"https:\/\/ipc.org.gt\/index.php?rest_route=\/wp\/v2\/pages\/41\/revisions"}],"predecessor-version":[{"id":925,"href":"https:\/\/ipc.org.gt\/index.php?rest_route=\/wp\/v2\/pages\/41\/revisions\/925"}],"wp:attachment":[{"href":"https:\/\/ipc.org.gt\/index.php?rest_route=%2Fwp%2Fv2%2Fmedia&parent=41"}],"curies":[{"name":"wp","href":"https:\/\/api.w.org\/{rel}","templated":true}]}}