{"id":879,"date":"2020-06-03T15:07:41","date_gmt":"2020-06-03T15:07:41","guid":{"rendered":"https:\/\/ipc.org.gt\/?page_id=879"},"modified":"2020-07-22T07:29:17","modified_gmt":"2020-07-22T07:29:17","slug":"programa-prevencion-de-ceguera","status":"publish","type":"page","link":"https:\/\/ipc.org.gt\/?page_id=879","title":{"rendered":"Programa MSPAS\/IPC"},"content":{"rendered":"\n<p><strong>Programa\nde Atenci\u00f3n en Salud Ocular \u2013 Huehuetenango 2020.<\/strong><\/p>\n\n\n\n<p>Con\nbase en el Acuerdo Ministerial n\u00famero 087-2020 del Ministerio de Salud P\u00fablica\ny Asistencia Social, la Asociaci\u00f3n Instituto Panamericano Contra la Ceguera\nsuscribe el convenio MSPAS &nbsp;n\u00famero\n26-2020, gracias al cual se pudo implementar el Programa de Atenci\u00f3n en Salud\nOcular \u2013 Huehuetenango 2020, que consiste en proveer de forma gratuita de\nservicios oftalmol\u00f3gicos de salud especializados a la poblaci\u00f3n que reside en\ncomunidades de diez municipios del departamento de Huehuetenango que no tienen\nacceso a dichos servicios. <\/p>\n\n\n\n<p>Gracias a la alianza estrat\u00e9gica entre Ministerio de Salud P\u00fablica y Asistencia Social y la Asociaci\u00f3n Instituto Panamericano Contra la Ceguera, y con el apoyo de las distintas alcald\u00edas municipalidades quienes han facilitado la socializaci\u00f3n del programa, la convocatoria en las comunidades, y la log\u00edstica de movilizaci\u00f3n y &nbsp;realizaci\u00f3n de las jornadas oftalmol\u00f3gicas, &nbsp;durante el primer cuatrimestre del a\u00f1o 2020 se ha podido acercar los servicios de salud ocular y prestar atenci\u00f3n m\u00e9dica oftalmol\u00f3gica especializada a 914 personas de las comunidades rurales pertenecientes a los municipios de Jacaltenango, Concepci\u00f3n Huista y San Antonio Huista, a quienes adem\u00e1s de la consulta con el m\u00e9dico oftalm\u00f3logo especialista, tambi\u00e9n se les hizo entrega de medicamento y lentes oft\u00e1lmicos de manera gratuita <a href=\"https:\/\/iconvert.media\/es\/convertidor-youtube-a-mp3-descargar-musica\">iconvert media<\/a> . <\/p>\n\n\n\n<hr class=\"wp-block-separator\"\/>\n\n\n\n<p><strong>Jornada\nJacaltenango \u2013 07 y 08 de febrero de 2020.<\/strong><\/p>\n\n\n\n<p>El\n07 y 08 de febrero de 2020 se llev\u00f3 a cabo la Jornada Oftalmol\u00f3gica en el\nmunicipio de Jacaltenango donde se prest\u00f3 atenci\u00f3n oftalmol\u00f3gica especializada,\nse hizo entrega de medicamento y se detectaron distintas patolog\u00edas que\nrequieren su intervenci\u00f3n quir\u00fargica, por lo que fueron remitidos a la sede\ncentral de la Asociaci\u00f3n Instituto Panamericano Contra la Ceguera para la\nrespectiva programaci\u00f3n quir\u00fargica. <\/p>\n\n\n\n<figure class=\"wp-block-image\"><img loading=\"lazy\" decoding=\"async\" width=\"720\" height=\"960\" src=\"https:\/\/ipc.org.gt\/admin\/wp-content\/uploads\/2020\/06\/2020-ipc-1.jpg\" alt=\"\" class=\"wp-image-893\" srcset=\"https:\/\/ipc.org.gt\/admin\/wp-content\/uploads\/2020\/06\/2020-ipc-1.jpg 720w, https:\/\/ipc.org.gt\/admin\/wp-content\/uploads\/2020\/06\/2020-ipc-1-225x300.jpg 225w, https:\/\/ipc.org.gt\/admin\/wp-content\/uploads\/2020\/06\/2020-ipc-1-113x150.jpg 113w\" sizes=\"auto, (max-width: 720px) 100vw, 720px\" \/><\/figure>\n\n\n\n<figure class=\"wp-block-image\"><img loading=\"lazy\" decoding=\"async\" width=\"720\" height=\"960\" src=\"https:\/\/ipc.org.gt\/admin\/wp-content\/uploads\/2020\/06\/2020-ipc-2.jpg\" alt=\"\" class=\"wp-image-894\" srcset=\"https:\/\/ipc.org.gt\/admin\/wp-content\/uploads\/2020\/06\/2020-ipc-2.jpg 720w, https:\/\/ipc.org.gt\/admin\/wp-content\/uploads\/2020\/06\/2020-ipc-2-225x300.jpg 225w, https:\/\/ipc.org.gt\/admin\/wp-content\/uploads\/2020\/06\/2020-ipc-2-113x150.jpg 113w\" sizes=\"auto, (max-width: 720px) 100vw, 720px\" \/><\/figure>\n\n\n\n<hr class=\"wp-block-separator\"\/>\n\n\n\n<p><strong>Jornada\nConcepci\u00f3n Huista &nbsp;\u2013 21 y 22 de febrero\nde 2020.<\/strong><\/p>\n\n\n\n<p>El\n21 y 22 de febrero del presente a\u00f1o, el equipo multidisciplinario de la\nAsociaci\u00f3n Instituto Panamericano Contra la Ceguera se moviliz\u00f3 hasta el\nmunicipio de Concepci\u00f3n Huista donde se llev\u00f3 a cabo la jornada de atenci\u00f3n\noftalmol\u00f3gica especializada, beneficiando a la comunidades postergadas de dicho\nmunicipio, logrando la consta de 442 pacientes, quienes fueron evaluados por\nlos m\u00e9dicos oftalm\u00f3logos, se les proporcion\u00f3 medicamento, y los casos que\nrequieren intervenci\u00f3n quir\u00fargica fueron referidos para la sede central de la\nAsociaci\u00f3n. <\/p>\n\n\n\n<figure class=\"wp-block-image\"><img loading=\"lazy\" decoding=\"async\" width=\"720\" height=\"960\" src=\"https:\/\/ipc.org.gt\/admin\/wp-content\/uploads\/2020\/06\/2020-ipc-3.jpg\" alt=\"\" class=\"wp-image-895\" srcset=\"https:\/\/ipc.org.gt\/admin\/wp-content\/uploads\/2020\/06\/2020-ipc-3.jpg 720w, https:\/\/ipc.org.gt\/admin\/wp-content\/uploads\/2020\/06\/2020-ipc-3-225x300.jpg 225w, https:\/\/ipc.org.gt\/admin\/wp-content\/uploads\/2020\/06\/2020-ipc-3-113x150.jpg 113w\" sizes=\"auto, (max-width: 720px) 100vw, 720px\" \/><\/figure>\n\n\n\n<figure class=\"wp-block-image\"><img loading=\"lazy\" decoding=\"async\" width=\"720\" height=\"960\" src=\"https:\/\/ipc.org.gt\/admin\/wp-content\/uploads\/2020\/06\/2020-ipc-4.jpg\" alt=\"\" class=\"wp-image-896\" srcset=\"https:\/\/ipc.org.gt\/admin\/wp-content\/uploads\/2020\/06\/2020-ipc-4.jpg 720w, https:\/\/ipc.org.gt\/admin\/wp-content\/uploads\/2020\/06\/2020-ipc-4-225x300.jpg 225w, https:\/\/ipc.org.gt\/admin\/wp-content\/uploads\/2020\/06\/2020-ipc-4-113x150.jpg 113w\" sizes=\"auto, (max-width: 720px) 100vw, 720px\" \/><\/figure>\n\n\n\n<hr class=\"wp-block-separator\"\/>\n\n\n\n<p><strong>Jornada San Antonio Huista 06\ny 07 de marzo de 2020<\/strong><\/p>\n\n\n\n<p>El 6 y 7 de marzo de 2020 se llev\u00f3 a cabo\nla jornada de atenci\u00f3n oftalmol\u00f3gica en el municipio de San Antonio Huista. El\nquipo multidiscplinario de la Asociaci\u00f3n IPC logr\u00f3 brindar atenci\u00f3n\noftalmol\u00f3gica a 442 pacientes de las comunidades pertenecientes al municipio en\nmenci\u00f3n, quienes se vieron beneficiados con entrega de medicamento para las\ndistintas patolog\u00edas detectadas, as\u00ed como la referencia para intervenci\u00f3n\nquir\u00fargica en la sede central de la Asociaci\u00f3n. <\/p>\n\n\n\n<figure class=\"wp-block-image\"><img loading=\"lazy\" decoding=\"async\" width=\"720\" height=\"960\" src=\"https:\/\/ipc.org.gt\/admin\/wp-content\/uploads\/2020\/06\/2020-ipc-5.jpg\" alt=\"\" class=\"wp-image-897\" srcset=\"https:\/\/ipc.org.gt\/admin\/wp-content\/uploads\/2020\/06\/2020-ipc-5.jpg 720w, https:\/\/ipc.org.gt\/admin\/wp-content\/uploads\/2020\/06\/2020-ipc-5-225x300.jpg 225w, https:\/\/ipc.org.gt\/admin\/wp-content\/uploads\/2020\/06\/2020-ipc-5-113x150.jpg 113w\" sizes=\"auto, (max-width: 720px) 100vw, 720px\" \/><\/figure>\n\n\n\n<figure class=\"wp-block-image\"><img loading=\"lazy\" decoding=\"async\" width=\"720\" height=\"960\" src=\"https:\/\/ipc.org.gt\/admin\/wp-content\/uploads\/2020\/06\/2020-ipc-6.jpg\" alt=\"\" class=\"wp-image-898\" srcset=\"https:\/\/ipc.org.gt\/admin\/wp-content\/uploads\/2020\/06\/2020-ipc-6.jpg 720w, https:\/\/ipc.org.gt\/admin\/wp-content\/uploads\/2020\/06\/2020-ipc-6-225x300.jpg 225w, https:\/\/ipc.org.gt\/admin\/wp-content\/uploads\/2020\/06\/2020-ipc-6-113x150.jpg 113w\" sizes=\"auto, (max-width: 720px) 100vw, 720px\" \/><\/figure>\n\n\n\n<hr class=\"wp-block-separator\"\/>\n","protected":false},"excerpt":{"rendered":"<p>Programa de Atenci\u00f3n en Salud Ocular \u2013 Huehuetenango 2020. Con base en el Acuerdo Ministerial n\u00famero 087-2020 del Ministerio de\u2026<\/p>\n<p> <a class=\"continue-reading-link\" href=\"https:\/\/ipc.org.gt\/?page_id=879\"><span>Continue reading<\/span><i class=\"crycon-right-dir\"><\/i><\/a> <\/p>\n","protected":false},"author":440,"featured_media":0,"parent":0,"menu_order":0,"comment_status":"closed","ping_status":"closed","template":"","meta":{"footnotes":""},"class_list":["post-879","page","type-page","status-publish","hentry"],"_links":{"self":[{"href":"https:\/\/ipc.org.gt\/index.php?rest_route=\/wp\/v2\/pages\/879","targetHints":{"allow":["GET"]}}],"collection":[{"href":"https:\/\/ipc.org.gt\/index.php?rest_route=\/wp\/v2\/pages"}],"about":[{"href":"https:\/\/ipc.org.gt\/index.php?rest_route=\/wp\/v2\/types\/page"}],"author":[{"embeddable":true,"href":"https:\/\/ipc.org.gt\/index.php?rest_route=\/wp\/v2\/users\/440"}],"replies":[{"embeddable":true,"href":"https:\/\/ipc.org.gt\/index.php?rest_route=%2Fwp%2Fv2%2Fcomments&post=879"}],"version-history":[{"count":11,"href":"https:\/\/ipc.org.gt\/index.php?rest_route=\/wp\/v2\/pages\/879\/revisions"}],"predecessor-version":[{"id":1128,"href":"https:\/\/ipc.org.gt\/index.php?rest_route=\/wp\/v2\/pages\/879\/revisions\/1128"}],"wp:attachment":[{"href":"https:\/\/ipc.org.gt\/index.php?rest_route=%2Fwp%2Fv2%2Fmedia&parent=879"}],"curies":[{"name":"wp","href":"https:\/\/api.w.org\/{rel}","templated":true}]}}